te the highest common divisor of m and 2.
2
Let j(l) = l**3 + 7*l**2 + 7. Let y = -14 + 7. Let w be j(y). What is the greatest common factor of w and 7?
7
Let r(a) = a - 5. Let w be r(15). Suppose -3*j + 17 = -5*y + 111, 5*j - w = 0. What is the highest common factor of 40 and y?
20
Suppose -3*l + 0*l = -18. Suppose 0 = -5*o + 3*o + l. What is the greatest common divisor of 12 and o?
3
Suppose q = -q + 110. Let s = -36 + q. Let m(o) = o**3 + 12*o**2 + 7*o + 51. Let h be m(-11). Calculate the highest common divisor of s and h.
19
Let d be 12/5*30/12. Calculate the highest common factor of 8 and d.
2
Let k(q) = q + 1. Let a be k(4). Calculate the greatest common divisor of 1 and a.
1
Suppose -g - 2*o = -31, 3*g - 74 = -3*o + 13. What is the greatest common factor of g and 54?
27
Let l(g) = 9*g - 90. Let q be l(25). Suppose -c = -v - 2*c + 13, -v - 5*c = -5. What is the greatest common factor of q and v?
15
Let h be 1 - (1 + -1 + -39). Calculate the greatest common factor of 16 and h.
8
Let z(l) = l**2 - 8*l + 9. Let y be z(8). Suppose 0*g - 3*g + y = 0. Calculate the greatest common divisor of g and 1.
1
Let r(t) = 1. Let i(s) = 2*s. Let d(c) = i(c) - 2*r(c). Let j be 6/4*(-20)/(-6). Let f be d(j). What is the highest common factor of 12 and f?
4
Let i be 54/4 + (-3)/(-2). Let x = 33 - i. Suppose n + x = 4*n. Calculate the greatest common divisor of n and 36.
6
Let d = -6 + 31. What is the greatest common divisor of 225 and d?
25
Let o(j) = -j + 3. Let s be o(-3). Let i(a) = 8*a**2 - 6*a + 5. Let z be i(4). Let m = z - 61. What is the greatest common factor of s and m?
6
Let z be 6*(3 + (-51)/(-9)). What is the highest common factor of 78 and z?
26
Suppose -14 + 6 = -p. What is the highest common divisor of p and 32?
8
Let j be ((-3)/(-2))/((-6)/8). Let l be (-188)/36 - j/9. Let c be ((-42)/(-10))/((-1)/l). Calculate the greatest common divisor of 7 and c.
7
Suppose -s - 2*s + 345 = 0. Let l be (-117)/(-5) - (0 - (-6)/15). What is the greatest common divisor of s and l?
23
Let g(b) be the first derivative of b**4/4 - 5*b**3 + 3*b**2/2 + b - 5. Let s be g(15). Calculate the highest common divisor of 115 and s.
23
Let x(j) = -3*j**3 - j**2 + 2*j + 4. Suppose -5*k = -3 + 18. Let a be x(k). What is the greatest common factor of 10 and a?
10
Suppose f = 4*t + 230 - 841, 0 = -4*t - f + 605. Calculate the highest common factor of 8 and t.
8
Suppose 7*o - 13 = 6*o. Calculate the highest common divisor of o and 91.
13
Let a = -1 + 1. Suppose a = 6*j - 5*j - 39. Calculate the highest common factor of j and 26.
13
Suppose 5*h - 405 = 540. Calculate the highest common divisor of 21 and h.
21
Suppose 4*k - 152 = 3*b - 7*b, 134 = 4*k - 5*b. What is the highest common divisor of 4 and k?
4
Let z = -83 - -111. Calculate the greatest common factor of z and 8.
4
Let v = 20 - 16. Calculate the highest common divisor of 4 and v.
4
Let x(n) = -15*n + 15. Let r be x(-3). What is the greatest common factor of 24 and r?
12
Let m = 17 - -22. Let z be 28 + 6/(-2) + 1. Calculate the highest common divisor of m and z.
13
Let o be -1*2*150/(-20). What is the highest common factor of o and 120?
15
Let q = -71 - -147. Suppose -q + 31 = -5*k. Calculate the greatest common divisor of k and 9.
9
Suppose 2*q + 45 = 5*q. Let s = -10 + q. Suppose -h + s + 4 = 0. Calculate the highest common divisor of h and 9.
9
Let a be 3*-4*1/(-3). Suppose 332 = -a*b - 0*b. Let q = b + 182. What is the greatest common factor of 11 and q?
11
Let z be 8 + -3 + 209 + -5. Calculate the highest common divisor of z and 19.
19
Let o(m) = m**2 + 3*m. Let q be o(-5). Suppose -k - 10 = -46. Suppose -2*v - k - 62 = -4*u, 54 = 2*u + 4*v. Calculate the highest common divisor of q and u.
5
Let t(h) = h**3 - 38*h**2 + 36*h + 57. Let p be t(37). Suppose -3*s = -2*u + 14, -54 = -5*u - 0*s - 2*s. Calculate the greatest common factor of u and p.
10
Suppose -2*g + i = -68, -2*g + 2*i + 36 + 28 = 0. What is the highest common factor of g and 24?
12
Let v(k) = -k**3 + 3*k**2 - 3*k + 5. Let x be v(2). Calculate the highest common divisor of 21 and x.
3
Let q = 0 - -3. Let j be ((-12)/28)/(-1)*7. Calculate the greatest common factor of q and j.
3
Suppose -3 = -5*b + 2. Let f = 4 - b. What is the greatest common factor of f and 1?
1
Suppose 4*t - 7 = -f - t, 0 = 2*f - t - 25. What is the greatest common factor of 108 and f?
12
Suppose -4*w = -2*p + p - 85, -2*w + 56 = 4*p. Let z = 0 - -2. Calculate the highest common factor of w and z.
2
Let i = -55 - -16. Suppose -4*t = 2*p - 54 - 40, 4*t = 4*p - 248. Let w = p + i. Calculate the highest common factor of w and 72.
18
Suppose 2*v - 4*v + 4*s = -32, -s + 32 = 2*v. Calculate the highest common factor of v and 16.
16
Let i be 1*(1 + 8*4). Let t be 1/((-1)/2) - 7. Let q = t - -20. What is the greatest common divisor of q and i?
11
Suppose 0*o + 5 = o. Suppose 0 = o*m - 3*s + s - 20, 0 = -2*s. Suppose 3*w = -1 + m. Calculate the greatest common factor of 1 and w.
1
Let m be (0 - 12)/(-3) + -1. Suppose 3*d + 105 = m*t, -3*d - 165 = -4*t - t. Calculate the highest common divisor of 12 and t.
6
Suppose 2*v + 0 = 30. Suppose -3*t + 15 = 0, 2*q - t - 2 = 1. Suppose -i - 11 = -2*l, l - 4*l + q*i + 14 = 0. What is the greatest common divisor of v and l?
3
Suppose -p - 7 + 109 = 0. Calculate the greatest common factor of 68 and p.
34
Suppose 3*l - 5 - 4 = 3*p, 13 = 3*l + p. Suppose l*x - 177 = -0*x - 3*a, -45 = -x - a. What is the greatest common factor of x and 28?
14
Let t be -5*(2/(-1) - 17). Calculate the greatest common divisor of t and 38.
19
Let y(g) = -2 - 1 - g + 7 - 3*g. Let x be y(-3). Calculate the greatest common divisor of x and 128.
16
Suppose -5*q + 376 = -209. What is the highest common factor of q and 13?
13
Let h = -63 + 96. What is the greatest common divisor of h and 3?
3
Let v be (-2)/6 - (-10)/3. Suppose -v*f - f = -140. What is the highest common factor of 5 and f?
5
Let g = 23 + 5. Suppose -i = -9*i + 896. Calculate the highest common factor of g and i.
28
Let i = 17 + 33. Let z(t) = 17*t - 14. Let b be z(2). Calculate the greatest common divisor of i and b.
10
Let p = 0 + 88. Calculate the highest common divisor of 11 and p.
11
Suppose 3*m = -i + 26, 0 = -m + i + 18 - 4. Suppose -b = 5*f - m, 0*b + 40 = 4*b + 4*f. Calculate the greatest common divisor of 80 and b.
10
Let i be 2/4 - 21/(-2). Calculate the greatest common divisor of i and 11.
11
Let u(r) = -r**3 - 2*r**2 + r + 28. Let f be u(0). Calculate the highest common factor of 7 and f.
7
Let b be 41/4 + 3/(-12). Let k be (-20)/50*(2 - 12). Calculate the greatest common factor of k and b.
2
Suppose 0*f - f + 104 = 0. Let g be ((-9)/3)/((-3)/2). Suppose -2*n + 52 = g*n. What is the greatest common factor of n and f?
13
Let u(t) = -t + 7. Let c be u(7). Let r be 605 - (c/(-3) - 1). Suppose 3*f - r = -3*y, f + y = -4*y + 182. What is the highest common factor of f and 23?
23
Let d(n) = 101*n**2 + n + 3. Let q be d(-3). Let b = q + -638. Suppose 5*s = b - 96. What is the greatest common factor of s and 7?
7
Let p(b) = b**2 + 4*b - 3. Let c be p(-5). Suppose 2*l + 8 = 4*j, -4*l = -c*l + j - 17. What is the highest common divisor of 2 and l?
2
Let k = 28 + -19. What is the greatest common divisor of 63 and k?
9
Let d be (0 + 1)/((-1)/5). Let t be ((-18)/d)/(3/10). Let u(p) = p**2 + 4*p + 7. Let j be u(-5). Calculate the greatest common divisor of j and t.
12
Let i(l) = l**2 - l + 1. Let k(t) = -t**3 + 17*t**2 - t + 10. Let c(h) = 6*i(h) - k(h). Let p be c(12). Calculate the greatest common factor of p and 10.
10
Let q be (-76)/(-2) + 1 + -3. Suppose 0 = -5*b + 2*y + q + 102, y + 111 = 4*b. Calculate the highest common factor of 56 and b.
28
Suppose 5*n - 1 = 2*c, -n + 4*c + 2 = 3*c. Let b(h) = -44*h + 1. Let f be b(n). What is the highest common factor of 9 and f?
9
Let k = 1 + 4. Let t(r) = -r + 17. Let j(w) = 6. Let o(a) = 8*j(a) - 3*t(a). Let p be o(k). What is the greatest common divisor of p and 84?
12
Let t be ((-110)/33)/((-2)/3). Suppose t*q - q - 36 = 0. Let i = 12 - -69. Calculate the greatest common factor of q and i.
9
Let z = -5 + 8. Let i(n) = 5*n + 1. Let w(y) = y. Let v(x) = i(x) - 2*w(x). Let g be v(z). What is the greatest common divisor of g and 40?
10
Let l = 119 + 35. Calculate the gr